 the remainder when 16769 is divided by 26.
25
What is the remainder when 281 is divided by 57?
53
What is the remainder when 158 is divided by 78?
2
What is the remainder when 98 is divided by 19?
3
What is the remainder when 3805 is divided by 951?
1
What is the remainder when 5788 is divided by 1156?
8
What is the remainder when 2016 is divided by 101?
97
Calculate the remainder when 78 is divided by 16.
14
Calculate the remainder when 1377 is divided by 33.
24
What is the remainder when 3678 is divided by 9?
6
Calculate the remainder when 1399 is divided by 463.
10
Calculate the remainder when 340 is divided by 19.
17
What is the remainder when 133 is divided by 63?
7
Calculate the remainder when 1159 is divided by 282.
31
What is the remainder when 29 is divided by 18?
11
What is the remainder when 165 is divided by 157?
8
What is the remainder when 51 is divided by 31?
20
Calculate the remainder when 830 is divided by 24.
14
What is the remainder when 475 is divided by 34?
33
What is the remainder when 216 is divided by 22?
18
Calculate the remainder when 2526 is divided by 73.
44
Calculate the remainder when 1640 is divided by 275.
265
Calculate the remainder when 2050 is divided by 673.
31
What is the remainder when 108 is divided by 20?
8
Calculate the remainder when 555 is divided by 193.
169
Calculate the remainder when 190 is divided by 16.
14
What is the remainder when 650 is divided by 98?
62
What is the remainder when 550 is divided by 92?
90
Calculate the remainder when 2635 is divided by 91.
87
Calculate the remainder when 3989 is divided by 57.
56
Calculate the remainder when 1165 is divided by 58.
5
What is the remainder when 1164 is divided by 167?
162
What is the remainder when 55 is divided by 32?
23
Calculate the remainder when 921 is divided by 893.
28
Calculate the remainder when 2007 is divided by 105.
12
Calculate the remainder when 160 is divided by 49.
13
What is the remainder when 2087 is divided by 123?
119
Calculate the remainder when 449 is divided by 6.
5
Calculate the remainder when 315 is divided by 28.
7
Calculate the remainder when 346 is divided by 142.
62
Calculate the remainder when 187 is divided by 10.
7
What is the remainder when 311 is divided by 2?
1
Calculate the remainder when 1703 is divided by 295.
228
What is the remainder when 47 is divided by 10?
7
Calculate the remainder when 327 is divided by 30.
27
What is the remainder when 344 is divided by 78?
32
What is the remainder when 93 is divided by 8?
5
Calculate the remainder when 19319 is divided by 15.
14
Calculate the remainder when 905 is divided by 24.
17
What is the remainder when 94 is divided by 38?
18
Calculate the remainder when 3304 is divided by 36.
28
What is the remainder when 743 is divided by 22?
17
Calculate the remainder when 459 is divided by 58.
53
What is the remainder when 865 is divided by 105?
25
What is the remainder when 186 is divided by 10?
6
Calculate the remainder when 139 is divided by 32.
11
Calculate the remainder when 4050 is divided by 170.
140
Calculate the remainder when 3117 is divided by 1553.
11
What is the remainder when 1731 is divided by 17?
14
What is the remainder when 104 is divided by 70?
34
What is the remainder when 331 is divided by 57?
46
Calculate the remainder when 296 is divided by 100.
96
What is the remainder when 112 is divided by 15?
7
Calculate the remainder when 241 is divided by 222.
19
What is the remainder when 706 is divided by 22?
2
What is the remainder when 861 is divided by 145?
136
Calculate the remainder when 7857 is divided by 12.
9
Calculate the remainder when 153 is divided by 12.
9
Calculate the remainder when 274 is divided by 32.
18
What is the remainder when 217 is divided by 56?
49
What is the remainder when 523 is divided by 21?
19
Calculate the remainder when 927 is divided by 32.
31
What is the remainder when 97 is divided by 55?
42
What is the remainder when 178 is divided by 26?
22
Calculate the remainder when 132 is divided by 23.
17
Calculate the remainder when 1148 is divided by 381.
5
What is the remainder when 53 is divided by 20?
13
Calculate the remainder when 4453 is divided by 105.
43
Calculate the remainder when 665 is divided by 103.
47
Calculate the remainder when 705 is divided by 92.
61
What is the remainder when 67 is divided by 22?
1
What is the remainder when 316 is divided by 64?
60
Calculate the remainder when 1492 is divided by 83.
81
Calculate the remainder when 1441 is divided by 159.
10
What is the remainder when 1114 is divided by 6?
4
Calculate the remainder when 287 is divided by 96.
95
Calculate the remainder when 13956 is divided by 358.
352
Calculate the remainder when 2328 is divided by 22.
18
Calculate the remainder when 2552 is divided by 18.
14
What is the remainder when 397 is divided by 142?
113
What is the remainder when 945 is divided by 19?
14
What is the remainder when 516 is divided by 138?
102
Calculate the remainder when 102 is divided by 7.
4
What is the remainder when 55 is divided by 28?
27
Calculate the remainder when 114 is divided by 34.
12
What is the remainder when 261 is divided by 44?
41
What is the remainder when 1510 is divided by 94?
6
Calculate the remainder when 1405 is divided by 44.
41
What is the remainder when 386 is divided by 28?
22
What is the remainder when 239 is divided by 119?
1
What is the remainder when 629 is divided by 27?
8
Calculate the remainder when 4393 is divided by 83.
77
What is the remainder when 160 is divided by 38?
8
What is the remainder when 1830 is divided by 131?
127
Calculate the remainder when 73 is divided by 33.
7
Calculate the remainder when 4171 is divided by 31.
17
Calculate the remainder when 3215 is divided by 67.
66
What is the remainder when 177 is divided by 40?
17
Calculate the remainder when 1935 is divided by 11.
10
Calculate the remainder when 208 is divided by 70.
68
Calculate the remainder when 1082 is divided by 182.
172
Calculate the remainder when 666 is divided by 655.
11
What is the remainder when 823 is divided by 18?
13
What is the remainder when 134 is divided by 21?
8
Calculate the remainder when 914 is divided by 298.
20
What is the remainder when 103 is divided by 64?
39
What is the remainder when 205 is divided by 21?
16
What is the remainder when 6529 is divided by 19?
12
What is the remainder when 61 is divided by 37?
24
What is the remainder when 117 is divided by 12?
9
What is the remainder when 201 is divided by 34?
31
Calculate the remainder when 2123 is divided by 14.
9
What is the remainder when 2576 is divided by 43?
39
Calculate the remainder when 259 is divided by 41.
13
What is the remainder when 237 is divided by 35?
27
Calculate the remainder when 144 is divided by 58.
28
Calculate the remainder when 391 is divided by 60.
31
Calculate the remainder when 50540 is divided by 74.
72
Calculate the remainder when 571 is divided by 154.
109
What is the remainder when 288 is divided by 14?
8
Calculate the remainder when 132 is divided by 27.
24
Calculate the remainder when 769 is divided by 173.
77
Calculate the remainder when 122 is divided by 20.
2
What is the remainder when 339 is divided by 38?
35
What is the remainder when 61 is divided by 7?
5
What is the remainder when 2054 is divided by 103?
97
Calculate the remainder when 29 is divided by 8.
5
What is the remainder when 5278 is divided by 40?
38
What is the remainder when 104 is divided by 42?
20
What is the remainder when 437 is divided by 34?
29
What is the remainder when 409 is divided by 149?
111
What is the remainder when 369 is divided by 54?
45
What is the remainder when 219 is divided by 44?
43
Calculate the remainder when 7637 is divided by 114.
113
Calculate the remainder when 112 is divided by 18.
4
What is the remainder when 2420 is divided by 162?
152
What is the remainder when 1155 is divided by 40?
35
What is the remainder when 138 is divided by 41?
15
What is the remainder when 94 is divided by 52?
42
What is the remainder when 84 is divided by 35?
14
What is the remainder when 361 is divided by 14?
11
Calculate the remainder when 676 is divided by 128.
36
What is the remainder when 37 is divided by 22?
15
Calculate the remainder when 1195 is divided by 397.
4